t is -79 - -3?
-76
In base 4, what is 11 + -112003?
-111332
In base 12, what is 6 + -422?
-418
In base 7, what is -63 + -11?
-104
In base 14, what is b - 452?
-445
In base 6, what is 304 - -5?
313
In base 14, what is -34 + -a?
-40
In base 7, what is -6 - -321?
312
In base 12, what is -60 + 10?
-50
In base 3, what is -21120202 + 11?
-21120121
In base 3, what is -120112200 - -1?
-120112122
In base 4, what is -13 - -1020313?
1020300
In base 3, what is 1200 + 21?
1221
In base 13, what is -1 - -9b5?
9b4
In base 6, what is -5 - -1515?
1510
In base 3, what is -2 - 1100?
-1102
In base 12, what is 29b - -3?
2a2
In base 4, what is -2 - -1112?
1110
In base 9, what is 104 - 31?
63
In base 9, what is 74 - 80?
-5
In base 16, what is -737 - -8?
-72f
In base 2, what is -1001110 + 101?
-1001001
In base 13, what is 8 - -9?
14
In base 5, what is -120 + -31?
-201
In base 12, what is -1a2 - -7?
-197
In base 6, what is 143 + 30?
213
In base 13, what is -11 - 1?
-12
In base 4, what is -32 - 1?
-33
In base 11, what is 4 + -6?
-2
In base 6, what is -25152 + -3?
-25155
In base 7, what is 262004 + 3?
262010
In base 13, what is -4 + -3584?
-3588
In base 9, what is -2361 - 3?
-2364
In base 5, what is 1020 - 30?
440
In base 7, what is 125 - -5?
133
In base 10, what is 10 + -38?
-28
In base 6, what is 20013 + 4?
20021
In base 2, what is 1111 - 0?
1111
In base 8, what is 35 - 103?
-46
In base 9, what is 40 + -330?
-280
In base 15, what is 20 + 54?
74
In base 4, what is -3 - -21?
12
In base 8, what is -536 - 4?
-542
In base 2, what is -1011 + 11110?
10011
In base 4, what is -3 + 310121?
310112
In base 6, what is 4 - 34250?
-34242
In base 10, what is -30 - 130?
-160
In base 8, what is 370 + -4?
364
In base 6, what is 3 - 4403?
-4400
In base 11, what is 6a - -7?
76
In base 4, what is -232 - 1?
-233
In base 15, what is -5 + -15a?
-160
In base 15, what is -178d + -4?
-1792
In base 10, what is 506 + 0?
506
In base 14, what is -3 - -222?
21d
In base 15, what is -11a + -1?
-11b
In base 15, what is -e6 + 3?
-e3
In base 10, what is 11 + 70?
81
In base 14, what is b4 - -2?
b6
In base 2, what is -11110010 + 0?
-11110010
In base 15, what is -29a3 + 2?
-29a1
In base 14, what is -1267 - 2?
-1269
In base 3, what is -22 + 120101?
120002
In base 4, what is -2113 - 33?
-2212
In base 10, what is 21 + 2?
23
In base 7, what is -20 + 0?
-20
In base 5, what is 23341 - 0?
23341
In base 3, what is 10 - -200?
210
In base 4, what is -2 + 1102?
1100
In base 5, what is -4 + 1331?
1322
In base 14, what is 56 + -40?
16
In base 16, what is 3b - 4?
37
In base 10, what is 2979 - -6?
2985
In base 16, what is -3 - -4cd?
4ca
In base 10, what is 7 - -105?
112
In base 2, what is 10000011 - -101?
10001000
In base 4, what is 0 + 123?
123
In base 16, what is -2e1 - 6?
-2e7
In base 16, what is -353 + -5?
-358
In base 6, what is -11 - -55?
44
In base 12, what is -613 + 6?
-609
In base 11, what is -32 - 53?
-85
In base 10, what is 3 - 53?
-50
In base 16, what is -25 - 2?
-27
In base 11, what is 1 - -3009?
300a
In base 8, what is 1116 - -26?
1144
In base 10, what is 1516 - 1?
1515
In base 13, what is 1545 - -4?
1549
In base 6, what is -1 - 545?
-550
In base 5, what is -1011 - -120?
-341
In base 5, what is -111321 - 4?
-111330
In base 9, what is -50 - -3?
-46
In base 16, what is -1 + 17cc?
17cb
In base 14, what is 1 - 2cb?
-2ca
In base 10, what is -993 + -3?
-996
In base 16, what is 2c + 5?
31
In base 6, what is 2 - -21?
23
In base 11, what is 1 + -224?
-223
In base 10, what is -201 - 0?
-201
In base 8, what is 0 - -372?
372
In base 6, what is -14 + -1425?
-1443
In base 16, what is -ad2 - -3?
-acf
In base 5, what is 0 + -132303?
-132303
In base 10, what is 0 - 20?
-20
In base 3, what is 12 + -11110?
-11021
In base 3, what is -121220 + -1?
-121221
In base 3, what is -2 - -101001?
100222
In base 13, what is 3 + -32b?
-328
In base 12, what is 49 - -76?
103
In base 6, what is -5 + -554?
-1003
In base 10, what is -28 - -5?
-23
In base 9, what is -1 - -1240?
1238
In base 16, what is -2 - 2f?
-31
In base 9, what is -3 - 65?
-68
In base 9, what is -134 - 10?
-144
In base 9, what is 4 + -1461?
-1456
In base 2, what is 101100 + 1100?
111000
In base 5, what is 3 - 331?
-323
In base 7, what is 621 - -1?
622
In base 9, what is -42 - -4?
-37
In base 10, what is -1297 + -1?
-1298
In base 13, what is 0 - -17?
17
In base 9, what is -7828 - 0?
-7828
In base 8, what is 17 + 1407?
1426
In base 15, what is e1b + 4?
e20
In base 5, what is -1 - 244?
-300
In base 16, what is 5da - 3?
5d7
In base 2, what is -1011111000101 + -101?
-1011111001010
In base 2, what is -1100110110 - 1000?
-1100111110
In base 2, what is -100 - 1010011000?
-1010011100
In base 16, what is -3 - 284?
-287
In base 12, what is 1 - 39?
-38
In base 11, what is 966 - -2?
968
In base 3, what is -210 - 22001?
-22211
In base 4, what is 2103 - -3?
2112
In base 12, what is 6 + a?
14
In base 14, what is -1 + 1118?
1117
In base 7, what is 0 + -5620?
-5620
In base 9, what is -2 + -120?
-122
In base 11, what is -121 + 1?
-120
In base 9, what is 7875 + -2?
7873
In base 3, what is 11000022 - -1?
11000100
In base 14, what is -16a - 3?
-16d
In base 7, what is 2 + -3441?
-3436
In base 9, what is -10 - 777?
-787
In base 8, what is 2 - -4?
6
In base 2, what is -10001000 + 1111111?
-1001
In base 16, what is -27 - db?
-102
In base 7, what is 323 - -20?
343
In base 7, what is 42 + 0?
42
In base 3, what is -12122011 + 10?
-12122001
In base 4, what is -2 + -1010?
-1012
In base 15, what is -d94 + -2?
-d96
In base 4, what is -103 - 21102?
-21211
In base 8, what is -2067 - 1?
-2070
In base 5, what is -13 - -11?
-2
In base 5, what is 30 + 310?
340
In base 16, what is 2 + -12f?
-12d
In base 11, what is 26 + -7?
1a
In base 6, what is 4 + -1310?
-1302
In base 6, what is -1454 - 1?
-1455
In base 12, what is -5 + 8?
3
In base 4, what is -10033 + 1?
-10032
In base 6, what is -23423 - -5?
-23414
In base 4, what is -32131 + 1?
-32130
In base 6, what is 1 + -31540?
-31535
In base 13, what is 119 + -1?
118
In base 4, what is -1112 + 0?
-1112
In base 13, what is 3 + aa?
b0
In base 6, what is 50 - 433?
-343
In base 4, what is 1012 + -123?
223
In base 2, what is -1010011 - -111?
-1001100
In base 6, what is 0 + -2022?
-2022
In base 15, what is -2c - 6c?
-99
In base 14, what is -5 - -55?
50
In base 6, what is -4 - -13?
5
In base 16, what is 6f + -70?
-1
In base 10, what is 22283 - -5?
22288
In base 12, what is -104 + -b7?
-1bb
In base 3, what is -11112 + 12?
-11100
In base 13, what is 1 - -13c3?
13c4
In base 15, what is 60 - -c?
6c
In base 9, what is 12 + 2?
14
In base 14, what is -5 + -224?
-229
In base 9, what is 115 - -4?
120
In base 6, what is -101043 + 5?
-101034
In base 3, what is 10 - -1000?
1010
In base 11, what is -3 - 1681?
-1684
In base 8, what is -56263 - 1?
-56264
In base 6, what is -140 - 13?
-153
In base 13, what is 4587 + -3?
4584
In base 2, what is -101000 - -1000?
-100000
In base 11, what is 3040 + 3?
3043
In base 9, what is -1867 - 7?
-1875
In base 5, what is 3312 + -3?
3304
In base 9, what is -2 + -71?
-73
In base 15, what is 706 + -3?
703
In base 3, what is 0 - -21?
21
In base 14, what is -3 - -22?
1d
In base 6, what is 113 - -1?
114
In base 8, what is 2 + -6730?
-6726
In base 2, what is -11 - 0?
-11
In base 9, what is -226 + -6?
-233
In base 8, what is -3 - 372?
-375
In base 4, what is -3 + -12?
-21
In base 3, what is 2120 + -2?
2111
In base 4, what is -1 + -2111?
-2112
In base 7, what is -3261 - -5?
-3253
In base 3, what is 120021 - 0?
120021
In base 11, what is 0 - -16?
16
In base 14, what is 0 - -1?
1
In base 12, what is 33 + -13b?
-108
In base 10, what is 18 + 315?
333
In base 8, what is -44 - 12?
-56
In base 15, what is 4 - 10cc?
-10c8
In base 2, what is -100 - 110100000001?
-110100000101
In base 6, what is 2 - 25?
-23
In base 8, what is -1 + 146?
145
In base 7, what is 104 - -1?
105
In base 13, what is -3 + -362?
-365
In base 3, what is -10111102 - 10?
-10111112
In base 14, what is 2 + -28?
-26
In base 6, what is 2523 + 1?
2524
In base 6, what is -3 - 143?
-150
In base 16, what is 3 - -9?
c
In base 3, what is 220110222 - 0?
220110222
In base 13, what is 0 + -94?
-94
In base 12, what is -982 + -1?
-983
In base 4, what is 0 + -1211?
-1211
In base 15, what is -71 - 2?
-73
In base 5, what 